6) in base 10?
-95
What is -25711 (base 8) in base 6?
-123521
Convert 856 (base 13) to base 14.
739
14151 (base 7) to base 13
19aa
What is -4230 (base 6) in base 13?
-585
What is 1005 (base 6) in base 15?
eb
What is -12113 (base 4) in base 16?
-197
What is -524330 (base 6) in base 14?
-11690
Convert 100101100 (base 2) to base 3.
102010
What is -4767 (base 8) in base 3?
-10111111
What is -8cf (base 16) in base 6?
-14235
What is 30f (base 16) in base 15?
373
What is -220114 (base 7) in base 8?
-113114
Convert 112033 (base 4) to base 14.
739
Convert 3284 (base 11) to base 5.
114302
Convert -10301 (base 7) to base 16.
-9f5
Convert -1011101001 (base 2) to base 6.
-3241
215335 (base 6) to base 16
468b
What is -2031 (base 6) in base 15?
-201
-1 (base 15) to base 14
-1
-1694 (base 13) to base 6
-23232
-203242 (base 5) to base 12
-3a61
What is -334305 (base 7) in base 14?
-177ac
What is -7646 (base 9) in base 15?
-1a06
-1102022 (base 3) to base 5
-13114
What is -2312 (base 8) in base 10?
-1226
What is 1926 (base 13) in base 15?
11a0
What is 101100010011100 (base 2) in base 4?
11202130
20768 (base 9) to base 13
634a
-2123 (base 6) to base 3
-122220
Convert -10322320 (base 4) to base 16.
-4eb8
What is 572 (base 16) in base 11?
1058
Convert -1072 (base 10) to base 2.
-10000110000
What is 13527 (base 8) in base 16?
1757
-8a55 (base 13) to base 10
-19336
What is -110000111011010 (base 2) in base 12?
-125b6
Convert -104432 (base 7) to base 6.
-221102
Convert -3690 (base 14) to base 16.
-253e
Convert 501100 (base 6) to base 16.
98dc
Convert 1b4 (base 15) to base 5.
3034
What is -551 (base 14) in base 15?
-4a1
10020202100 (base 3) to base 4
33213210
132002 (base 6) to base 5
341343
What is 11110010 (base 2) in base 14?
134
What is -43143 (base 5) in base 11?
-2218
Convert 3010001 (base 4) to base 8.
30401
11010000 (base 2) to base 10
208
Convert 25203 (base 6) to base 12.
2203
What is -165504 (base 8) in base 12?
-2aa30
What is -228 (base 10) in base 12?
-170
What is 40308 (base 11) in base 8?
163067
What is -1001211 (base 3) in base 6?
-3334
Convert -302032 (base 4) to base 5.
-100324
What is -211101 (base 3) in base 4?
-21130
What is -120102111 (base 3) in base 9?
-16374
Convert 14235 (base 6) to base 5.
33010
-750 (base 8) to base 12
-348
Convert 6ea (base 16) to base 7.
5106
Convert 421 (base 6) to base 12.
111
What is -518 (base 10) in base 7?
-1340
Convert 63727 (base 8) to base 7.
140334
Convert 2663 (base 9) to base 8.
3721
6a80 (base 11) to base 4
2101010
Convert 121 (base 11) to base 5.
1034
Convert -18c15 (base 13) to base 7.
-260322
Convert 231012 (base 4) to base 13.
1410
6521 (base 13) to base 2
11011011100110
-3b1 (base 13) to base 7
-1620
What is 2654 (base 7) in base 6?
4415
-321013 (base 7) to base 3
-2211020101
-1538 (base 11) to base 6
-13053
What is 1a93 (base 12) in base 7?
12363
-11403 (base 7) to base 5
-43233
What is -2dd (base 15) in base 6?
-3014
Convert 14871 (base 10) to base 14.
55c3
110111111001000 (base 2) to base 12
14688
-10101101101 (base 2) to base 6
-10233
What is -10151 (base 6) in base 7?
-3655
Convert -4159 (base 10) to base 14.
-1731
-11001220 (base 3) to base 11
-2258
2985 (base 10) to base 14
1133
343a (base 14) to base 13
4187
Convert -112201202 (base 3) to base 16.
-29f3
Convert 822c (base 16) to base 11.
23045
What is -1664 (base 8) in base 4?
-32310
3533 (base 6) to base 5
11344
What is 3850 (base 12) in base 6?
45340
What is 1991 (base 12) in base 15?
ddd
Convert -1011010011110 (base 2) to base 11.
-4394
What is 876 (base 13) in base 15?
669
Convert 12522 (base 6) to base 14.
9b4
What is -2210001000 (base 3) in base 10?
-54702
What is ba (base 16) in base 12?
136
Convert 2a (base 16) to base 5.
132
Convert -55 (base 6) to base 2.
-100011
Convert 1001010000011 (base 2) to base 16.
1283
What is 1a (base 12) in base 10?
22
Convert -10531 (base 10) to base 11.
-7a04
Convert -5b5 (base 12) to base 10.
-857
What is 5c3d (base 15) in base 8?
46261
10011010010011 (base 2) to base 12
586b
Convert -445 (base 12) to base 10.
-629
Convert 197 (base 11) to base 6.
1015
Convert 3151 (base 14) to base 10.
8499
What is -23b (base 12) in base 15?
-175
Convert 9359 (base 11) to base 2.
11000001110110
-52c4 (base 14) to base 5
-424114
Convert 31a7 (base 11) to base 9.
5721
What is 10541 (base 6) in base 15?
6a1
7b8a (base 15) to base 13
bc29
What is 10120 (base 7) in base 12?
1514
-60924 (base 10) to base 16
-edfc
-3939 (base 11) to base 3
-21000210
Convert d45 (base 14) to base 10.
2609
Convert -505 (base 8) to base 3.
-110001
Convert 77 (base 9) to base 2.
1000110
Convert 1110111111010 (base 2) to base 3.
101112020
What is -201001 (base 3) in base 9?
-631
Convert 11431 (base 11) to base 5.
1011430
What is -1001101100101 (base 2) in base 15?
-1710
11130 (base 5) to base 9
1067
Convert 1491 (base 10) to base 7.
4230
What is -17b2 (base 13) in base 6?
-24153
Convert -8b65 (base 12) to base 7.
-63101
What is 22566 (base 8) in base 7?
36650
What is b5e (base 15) in base 7?
10322
Convert 2055 (base 8) to base 12.
751
What is -a314 (base 11) in base 15?
-40c8
What is -10365 (base 9) in base 12?
-3b7b
Convert 22240 (base 6) to base 11.
2387
Convert d96 (base 14) to base 15.
bda
What is 233 (base 6) in base 15?
63
What is -18b (base 13) in base 10?
-284
Convert 2466 (base 13) to base 2.
1010000100010
Convert -1320011 (base 4) to base 8.
-17005
-55460 (base 7) to base 2
-11011010000110
What is 2465 (base 7) in base 6?
4145
Convert -c9 (base 13) to base 10.
-165
Convert 1034 (base 5) to base 10.
144
What is -31302 (base 4) in base 3?
-1012200
99c (base 13) to base 3
2021010
Convert -20223 (base 5) to base 16.
-521
What is 271a (base 15) in base 3?
102110021
What is 3311 (base 5) in base 12?
320
What is 2103 (base 6) in base 15?
216
Convert -313023 (base 4) to base 11.
-2720
Convert 10242 (base 5) to base 11.
584
-150 (base 13) to base 16
-ea
-1001000001 (base 2) to base 7
-1453
27a (base 15) to base 9
687
2e7c (base 16) to base 9
17282
Convert -841 (base 14) to base 7.
-4511
Convert 36511 (base 7) to base 6.
112014
What is -72a9 (base 12) in base 4?
-3003201
What is -350 (base 13) in base 16?
-23c
-525 (base 10) to base 15
-250
-24214 (base 5) to base 11
-13a5
What is e57 (base 16) in base 2?
111001010111
What is a930 (base 13) in base 9?
35244
Convert 892 (base 13) to base 4.
112333
What is -27287 (base 9) in base 3?
-221022221
What is -2002110 (base 3) in base 12?
-a70
Convert -14016 (base 7) to base 16.
-eca
-321 (base 10) to base 12
-229
-2455 (base 6) to base 9
-748
Convert -221123 (base 4) to base 5.
-41101
2 (base 4) to base 9
2
343 (base 12) to base 11
3aa
Convert -13034 (base 5) to base 16.
-3fb
What is 2444 (base 5) in base 10?
374
What is -512 (base 7) in base 3?
-100102
3432 (base 11) to base 5
121022
Convert -237 (base 15) to base 8.
-766
Convert 30132211 (base 4) to base 2.
1100011110100101
What is 1b3c (base 13) in base 9?
5563
What is -31130 (base 4) in base 14?
-456
-81 (base 9) to base 16
-49
4a85 (base 12) to base 8
20405
What is -2505 (base 8) in base 13?
-7ca
What is 6913 (base 10) in base 4?
1230001
231122 (base 4) to base 5
43111
What is 1590 (base 11) in base 12?
1217
Convert 441 (base 9) to base 4.
11221
5235 (base 6) to base 2
10010010111
What is 8343 (base 9) in base 8?
13742
Convert 567 (base 11) to base 6.
3050
Convert -887d (base 14) to base 12.
-11813
645 (base 9) to base 11
43a
Convert -120201010 (base 3) to base 4.
-2302323
What is -5ce7 (base 15) in base 13?
-9016
-a7 (base 14) to base 3
-12110
Convert -c4bb (base 14) to base 2.
-1000010001010101
Convert 34634 (base 9) to base 8.
55114
What is -240b (base 14) in base 5?
-200113
2223233 (base 4) to base 2
10101011101111
Convert -1d4 (base 14) to base 11.
-318
-277 (base 8) to base 3
-21002
Convert -1021102002 (base 3) to base 7.
-133064
3011 (base 5) to base 11
317
What is -12021200 (base 3) in base 7?
-14142
Convert -6498 (base 11) to base 4.
-2012001
42493 (base 11) to base 16
f174
53344 (base 8) to base 4
11123210
What is 16460 (base 9) in base 5?
330223
14ab (base 14) to base 5
104204
Convert 1007d (base 15) to base 3.
2120121101
-ad9 (base 16) to base 4
-223121
What is 6e49 (base 16) in base 9?
42650
What is -330110 (base 4) in base 3?
-12021222
Co